{"id":794,"date":"2023-03-05T11:42:34","date_gmt":"2023-03-05T11:42:34","guid":{"rendered":"https:\/\/dffl.dk\/?page_id=794"},"modified":"2023-03-05T11:42:34","modified_gmt":"2023-03-05T11:42:34","slug":"aarsberetning-ordinaer-generalforsamling-2-3-2023","status":"publish","type":"page","link":"https:\/\/dffl.dk\/?page_id=794","title":{"rendered":"\u00c5rsberetning ordin\u00e6r generalforsamling 2-3-2023"},"content":{"rendered":"<p><strong>\u00c5rsberetning for De Forenede Frie Lejere (DFFL) &#8211; 2-3-2023<\/strong><\/p>\n<p>Den 21. marts 2022 blev der sidst afholdt ordin\u00e6r generalforsamling i De Forenede Frie Lejere,<br \/>\nhvor de valgte bestyrelsesmedlemmer p\u00e5 et umiddelbart efterf\u00f8lgende bestyrelsesm\u00f8de, konstituerede sig som f\u00f8lgende:<\/p>\n<p>Lone Kj\u00e6r,&nbsp;Viborg&nbsp;(formand)&nbsp;<br \/>\nJohan \u00d8stergaard,&nbsp;Skals&nbsp;(n\u00e6stformand)&nbsp;<br \/>\nMette Gerstr\u00f8m,&nbsp;Frederiks&nbsp;(sekret\u00e6r)&nbsp;<br \/>\nLone Jarrels,&nbsp;Viborg&nbsp;(kasserer)&nbsp;<br \/>\nTrine Lund,&nbsp;Aarhus&nbsp;(best. medlem)<br \/>\nSteen Skaarup Jensen,&nbsp;Hobro&nbsp;(best. medlem<br \/>\nMariah Panduro,&nbsp;Odense&nbsp;(best. medlem)<\/p>\n<p>Samt revisor <strong>Michael Andersen<\/strong> og revisorsuppleant <strong>Janni S\u00f8rensen.<br \/>\n<\/strong>Michael Andersen afgik desv\u00e6rre ved d\u00f8den i efter\u00e5ret 2022. Han fungerede ogs\u00e5 som den daglige leder af LRRK i Aalborg.<\/p>\n<p>I <strong>De<\/strong> <strong>Forenede Frie Lejere<\/strong> er der iht. vedt\u00e6gterne plads til 9 bestyrelsesmedlemmer, vi er p\u00e5 nuv\u00e6rende tidspunkt 7 bestyrelsesmedlemmer, som lige n\u00e6vnt.<\/p>\n<p>De Forenede Frie Lejere har et t\u00e6t samarbejde med <strong>Lejeretlig R\u00e5dgivningskontor<\/strong> i Aalborg, hvor der sidder en h\u00e5ndfuld jurastuderende, der behandler mange af sagerne. Kontoret har v\u00e6ret mindre aktivt den sidste del af 2022 pga. Michaels d\u00f8d, men der arbejdes nu p\u00e5 at finde en ny afl\u00f8ser, som kan forts\u00e6tte arbejdet.<\/p>\n<p>I De Forenede Frie Lejere modtager vi medlemmernes sager, der screenes. En del af sagerne klarg\u00f8res til sagsbehandling p\u00e5 Lejerretlig R\u00e5dgivningskontor i Aalborg og en hel del varetages og behandles af bestyrelsen i DFFL samt DFFL\u2019s stifter Paul Erik.<\/p>\n<p>Her i for\u00e5ret 2023 bliver der investeret i mere markedsf\u00f8ring, bl.a. med et bredere udvalg af s\u00f8geord, som kan fanges i Google og andre s\u00f8gemaskiner og derved tilf\u00f8re flere nye medlemmer. Vi vil ogs\u00e5 lave en kampagne for at f\u00e5 flere beboergrupper som medlemmer.<\/p>\n<p>Vi har oprettet en facebookgruppe, som vi varmt kan anbefale at blive medlem af. Facebookgruppen bliver l\u00f8bende opdateret med aktuelle artikler, om hvad der r\u00f8rer sig p\u00e5 boligmarkedet. Herudover indeholder vores hjemmeside <a href=\"http:\/\/www.dffl.dk\">www.dffl.dk<\/a> en r\u00e6kke informationer \u2013 bl.a. om ind- og fraflytninger \u2013 og hvad, man i s\u00e6rlig grad skal v\u00e6re opm\u00e6rksom p\u00e5 som lejer.<\/p>\n<p>Vi har i dag godt 150 aktive medlemmer samt en del passive og har i \u00e5rets l\u00f8b behandlet lidt over 100 sager, hvor langt de fleste var til vores medlemmers fordel og fulde tilfredshed.<\/p>\n<p>Hver mandag er der mulighed for medlemmerne at give fremm\u00f8de i De Frivilliges Hus, Stationen her i Viborg. Der kommer i snit et par medlemmer og ikke medlemmer i \u00e5bningstiden. Her vejledes og r\u00e5dgives typisk om de fremm\u00f8dtes sager \u2013 om sagerne er relevante og evt. skal indbringes i husleje- eller i beboerklagen\u00e6vnet. Enkelte sager ender i boligretten.<\/p>\n<p>Derudover er der mulighed for at kontakte DFFL p\u00e5 2 telefoner i \u00e5bningstiden eller via e-mail. Mails tjekkes dagligt og besvares hurtigst muligt.<\/p>\n<p>Medlemmer kan mod betaling f\u00e5 assistance ifm. ind- og fraflytningssyn, hvis man f\u00f8ler at have behov for det.<\/p>\n<p>Der er mange forskellige slags lejeretlige sager og tvister. En stor del af sagerne er typisk omkring fraflytning og private udlejers pligt til at udbedre manglende vedligeholdelse.<\/p>\n<p>Typisk er det ofte s\u00e5dan \u2013 desv\u00e6rre &#8211; at n\u00e5r et medlem har f\u00e5et behandlet og afsluttet en sag, s\u00e5 melder man sig ud. Det er dog nu muligt at tegne eller overg\u00e5 til et passivt medlemskab, n\u00e5r man ikke har en igangv\u00e6rende sag k\u00f8rende.<\/p>\n<p>Vi takker s\u00e5vel nye som eksisterende medlemmer i De Forenede Frie Lejere for at bakke op om vores frivillige lejerforening<strong>. <\/strong>Vi h\u00e5ber, at vi kan v\u00e6re behj\u00e6lpelige i enhver lejeretlig situation, der m\u00e5tte kr\u00e6ve juridisk bistand, n\u00e5r og hvis der opst\u00e5r en tvist med en udlejer.<\/p>\n<p>Vi vil i bestyrelsen g\u00f8re vores bedste, s\u00e5 vi sammen kan blive en stor og f\u00f8rende lejerforening med repr\u00e6sentationer i flere st\u00f8rre danske byer, og vi derved er med til at s\u00e6tte dagsordenen og tjene alle vores medlemmer bedst muligt.<\/p>\n<p>Til slut mange tak for et godt og frugtbart samarbejde til alle i bestyrelsen.<\/p>\n<p>Tak.<\/p>\n<p>&nbsp;<\/p>\n","protected":false},"excerpt":{"rendered":"<p>\u00c5rsberetning for De Forenede Frie Lejere (DFFL) &#8211; 2-3-2023 Den 21. marts 2022 blev der sidst afholdt ordin\u00e6r generalforsamling i De Forenede Frie Lejere, hvor de valgte bestyrelsesmedlemmer p\u00e5 et umiddelbart efterf\u00f8lgende bestyrelsesm\u00f8de, konstituerede sig som f\u00f8lgende: Lone Kj\u00e6r,&nbsp;Viborg&nbsp;(formand)&nbsp; Johan &hellip;<\/p>\n<p class=\"read-more\"> <a class=\"more-link\" href=\"https:\/\/dffl.dk\/?page_id=794\"> <span class=\"screen-reader-text\">\u00c5rsberetning ordin\u00e6r generalforsamling 2-3-2023<\/span> Read More &raquo;<\/a><\/p>\n","protected":false},"author":1,"featured_media":0,"parent":0,"menu_order":0,"comment_status":"closed","ping_status":"closed","template":"","meta":{"_stc_notifier_status":"","_stc_notifier_sent_time":"","_stc_notifier_request":false,"_stc_notifier_prevent":false,"_stc_subscriber_keywords":"","_stc_subscriber_search_areas":"","om_disable_all_campaigns":false,"_monsterinsights_skip_tracking":false,"_monsterinsights_sitenote_active":false,"_monsterinsights_sitenote_note":"","_monsterinsights_sitenote_category":0,"ngg_post_thumbnail":0,"footnotes":""},"class_list":["post-794","page","type-page","status-publish","hentry"],"aioseo_notices":[],"_links":{"self":[{"href":"https:\/\/dffl.dk\/index.php?rest_route=\/wp\/v2\/pages\/794","targetHints":{"allow":["GET"]}}],"collection":[{"href":"https:\/\/dffl.dk\/index.php?rest_route=\/wp\/v2\/pages"}],"about":[{"href":"https:\/\/dffl.dk\/index.php?rest_route=\/wp\/v2\/types\/page"}],"author":[{"embeddable":true,"href":"https:\/\/dffl.dk\/index.php?rest_route=\/wp\/v2\/users\/1"}],"replies":[{"embeddable":true,"href":"https:\/\/dffl.dk\/index.php?rest_route=%2Fwp%2Fv2%2Fcomments&post=794"}],"version-history":[{"count":1,"href":"https:\/\/dffl.dk\/index.php?rest_route=\/wp\/v2\/pages\/794\/revisions"}],"predecessor-version":[{"id":795,"href":"https:\/\/dffl.dk\/index.php?rest_route=\/wp\/v2\/pages\/794\/revisions\/795"}],"wp:attachment":[{"href":"https:\/\/dffl.dk\/index.php?rest_route=%2Fwp%2Fv2%2Fmedia&parent=794"}],"curies":[{"name":"wp","href":"https:\/\/api.w.org\/{rel}","templated":true}]}}