{"id":160,"date":"2021-01-02T18:22:34","date_gmt":"2021-01-02T18:22:34","guid":{"rendered":"http:\/\/dffl.dk\/?page_id=160"},"modified":"2026-04-20T10:26:40","modified_gmt":"2026-04-20T10:26:40","slug":"om-os","status":"publish","type":"page","link":"https:\/\/dffl.dk\/?page_id=160","title":{"rendered":"Om os"},"content":{"rendered":"<h1>Ret til en god bolig<\/h1>\n<h2><b>De Forenede Frie Lejere (DFFL) er en landsd\u00e6kkende lejerforening, der hj\u00e6lper dig, n\u00e5r du har problemer med din udlejer.<\/b><\/h2>\n<p><img loading=\"lazy\" decoding=\"async\" class=\"size-full wp-image-624 aligncenter\" src=\"https:\/\/dffl.dk\/wp-content\/uploads\/2022\/06\/DFFL-LOGO-20-x-20-m.-hvid-skrift.jpg\" alt=\"\" width=\"198\" height=\"198\" srcset=\"https:\/\/dffl.dk\/wp-content\/uploads\/2022\/06\/DFFL-LOGO-20-x-20-m.-hvid-skrift.jpg 198w, https:\/\/dffl.dk\/wp-content\/uploads\/2022\/06\/DFFL-LOGO-20-x-20-m.-hvid-skrift-150x150.jpg 150w, https:\/\/dffl.dk\/wp-content\/uploads\/2022\/06\/DFFL-LOGO-20-x-20-m.-hvid-skrift-100x100.jpg 100w\" sizes=\"auto, (max-width: 198px) 100vw, 198px\" \/><\/p>\n<p class=\"schema-how-to-step-text\"><strong>De Forenede Frie Lejere (DFFL)<\/strong> er en selvst\u00e6ndig og uafh\u00e6ngig <strong>lejerforening,<\/strong> hvor du som lejer kan tegne et medlemskab og f\u00e5 r\u00e5d, vejledning og assistance i lejeretlige sp\u00f8rgsm\u00e5l. Vi r\u00e5dgiver medlemmer, n\u00e5r der er brug for juridisk st\u00f8tte i en sag, n\u00e5r du st\u00e5r i en konflikt med din udlejer, eller har et principielt lejelovs sp\u00f8rgsm\u00e5l omkring det at bo i lejebolig. Vores virke er prim\u00e6rt i <strong>Jylland<\/strong> samt <strong>Fyn<\/strong> med omliggende \u00f8er og sekund\u00e6rt <strong>Sj\u00e6lland<\/strong> med omliggende \u00f8er.<\/p>\n<h2><img loading=\"lazy\" decoding=\"async\" class=\"\" src=\"https:\/\/adhd.dk\/wp-content\/uploads\/sites\/2\/2017\/01\/skifte-ml-opgaver-2.jpg\" width=\"183\" height=\"135\"><\/h2>\n<h2>Hvad er DFFL\u2019s opgave?<\/h2>\n<ul>\n<li>Som lejerforening at varetage medlemmers interesser i private og almene udlejningsboliger, i andelsboliger, ungdoms- og \u00e6ldreboliger samt i erhvervslejem\u00e5l<\/li>\n<li>At varetage medlemmernes interesser overfor offentlige myndigheder<\/li>\n<li>At fremme lejernes indflydelse og medbestemmelsesret<\/li>\n<li>At arbejde for organisering af lejerne i alle byer og omr\u00e5der<\/li>\n<li>At samarbejde med besl\u00e6gtede foreninger, nationale og internationale organisationer, eventuelt gennem medlemskab<\/li>\n<li>At styrke foreningen, for derved at sikre opn\u00e5ede resultater, for bedre vilk\u00e5r for lejerne, samt vinde forst\u00e5else for lejernes problemer<\/li>\n<\/ul>\n<h2><strong><br \/>\nHvordan er lejernes rettigheder?<\/strong><\/h2>\n<p><strong>Lejerforeningen<\/strong> er kun i stand til at hj\u00e6lpe i det omfang, som lovgivningen tillader.&nbsp;<br \/>\nFor at give medlemmerne den bedste service og r\u00e5dgivning holder DFFL sig l\u00f8bende ajour og opdateret omkring \u00e6ndringer i Leje- og Boliglove, og hvad der i \u00f8vrigt r\u00f8rer sig p\u00e5 boligmarkedet.<\/p>\n<h2><img loading=\"lazy\" decoding=\"async\" class=\"\" src=\"http:\/\/www.gjeddesdal.dk\/wp-content\/uploads\/2016\/08\/cropped-cropped-cropped-Thors18_vinter-2.jpg\" width=\"279\" height=\"186\"><\/h2>\n<h2><strong>For medlemmer i private lejem\u00e5l<\/strong><\/h2>\n<ul>\n<li>Et begyndende beboerdemokrati i det private udlejningsbyggeri med udvidede rettigheder til beboerrepr\u00e6sentationerne.<\/li>\n<li>Regler om tvangsvedligeholdelse af fors\u00f8mte ejendomme, med en lov, der giver mulighed for at s\u00e6tte s\u00e5danne ejendomme under tvangsadministration<\/li>\n<li>Fork\u00f8bsret for lejerne, s\u00e5 lejerne ved salg af ejendommen skal tilbydes ejendommen og have mulighed for at oprette beboerstyrede andelsboligforeninger.<\/li>\n<li>Huslejen\u00e6vn i alle kommuner, hvor lejerne billigt kan f\u00e5 afgjort tvistigheder med udlejeren.<\/li>\n<\/ul>\n<h2><strong>For medlemmer i almene lejem\u00e5l<\/strong><\/h2>\n<ul>\n<li>Beboerdemokrati, s\u00e5ledes at lejerne v\u00e6lger en afdelingsbestyrelse, der l\u00f8bende varetager lejernes kollektive interesser og s\u00e5ledes, at der skal afholdes afdelingsm\u00f8de med alle lejerne, hvor afdelingsm\u00f8det har kompetencen vedr. beslutninger om fx husleje og forbedringer<\/li>\n<li>Fleksible regler om istands\u00e6ttelse ved fraflytning<\/li>\n<li>Beboerklagen\u00e6vn i alle kommuner, hvor lejerne billigt kan f\u00e5 afgjort tvistigheder med udlejeren.<\/li>\n<\/ul>\n<h2><img loading=\"lazy\" decoding=\"async\" class=\"\" src=\"https:\/\/pm-ejendomme.dk\/media\/bu0jzv4x\/pm_listeforsidebyggegrunde_660x750.jpg?anchor=center&amp;mode=crop&amp;width=660&amp;height=750&amp;rnd=132158795548730000\" width=\"266\" height=\"303\"><\/h2>\n<h2><strong>Lejeboliger for alle<\/strong><\/h2>\n<p>Lejeboligen skal v\u00e6re et attraktivt valg for alle samfundsgrupper, og lejeboligen skal f\u00f8lge med samfundsudviklingen. Den enkelte skal have reel indflydelse p\u00e5 sine bo-vilk\u00e5r. Den tid, hvor det var den \u201dprivate husv\u00e6rt\u201d, der egenr\u00e5digt dikterede lejernes vilk\u00e5r, er forbi. Der findes desv\u00e6rre stadig megen boligspekulation i Danmark. Der er den helt grove spekulation, hvor udlejeren ikke g\u00e5r af vejen for egentlig chikane af lejerne, men ogs\u00e5 den mere \u201duskyldige\u201d spekulation, hvor professionelle og anerkendte udlejere snyder p\u00e5 v\u00e6gten ud fra devisen \u201dg\u00e5r den, s\u00e5 g\u00e5r den\u201d. Den bedste garanti for en god lejebolig er en rimelig husleje, indflydelse og trygge bo vilk\u00e5r, et medlemskab i <strong>De Forenede Frie Lejere <\/strong>til en konkurrence dygtig<span style=\"color: #ff0000;\"><strong> pris p\u00e5 under 2 kr. om dagen.<\/strong><\/span><\/p>\n<p>Vores d\u00e6kningsomr\u00e5de er prim\u00e6rt <strong>Jylland<\/strong> og <strong>Fyn<\/strong> med omliggende \u00f8er og sekund\u00e6rt <strong>Sj\u00e6lland<\/strong> med omliggende \u00f8er.<\/p>\n<p><em><strong>Vi tr\u00e6ffes p\u00e5 tlf. 25 537 512 eller 28 930 720:<\/strong><\/em><br \/>\n<span style=\"color: #000000;\"><strong>Mandage mellem kl. 15 og 18 samt onsdage mellem kl. 16 og 17<\/strong><\/span><br \/>\n<strong>Du kan ogs\u00e5 sende en mail til<span style=\"color: #0000ff;\"> info@dffl.dk,<span style=\"color: #000000;\"> der tjekkes dagligt.<\/span><\/span><\/strong><\/p>\n<p>Et <strong>medlemskab koster<\/strong> pr. \u00bd \u00e5r&nbsp; for studerende eller pensionister 275,- kr.&nbsp; og for en husstand 350,- kr.<br \/>\n<strong>Indmeldelsesgebyr<\/strong> for studerende eller pensionister koster 275,- kr.&nbsp; og indmeldelsesgebyr for en husstand koster 350,- kr.<br \/>\nDer er 8 dages fortrydelsesret.<\/p>\n<h3><a title=\"Bliv medlem\" href=\"https:\/\/lronline.dk\/memberuserEditFrontend\" target=\"_blank\" rel=\"noopener\">Klik her for at tegne et medlemskab . . .<\/a><\/h3>\n<p><strong>Mulighed for personlig m\u00f8de hver mandag mellem kl. 15:00 og kl. 18:00 p\u00e5 adressen:<\/strong><\/p>\n<h3><img loading=\"lazy\" decoding=\"async\" class=\" wp-image-451 alignleft\" src=\"https:\/\/dffl.dk\/wp-content\/uploads\/2022\/01\/De-Frivilliges-Hus-Stationen-Ll.-Sct.-Hans-Gade-7-300x129.jpg\" alt=\"\" width=\"337\" height=\"145\" srcset=\"https:\/\/dffl.dk\/wp-content\/uploads\/2022\/01\/De-Frivilliges-Hus-Stationen-Ll.-Sct.-Hans-Gade-7-300x129.jpg 300w, https:\/\/dffl.dk\/wp-content\/uploads\/2022\/01\/De-Frivilliges-Hus-Stationen-Ll.-Sct.-Hans-Gade-7-100x43.jpg 100w, https:\/\/dffl.dk\/wp-content\/uploads\/2022\/01\/De-Frivilliges-Hus-Stationen-Ll.-Sct.-Hans-Gade-7-150x65.jpg 150w, https:\/\/dffl.dk\/wp-content\/uploads\/2022\/01\/De-Frivilliges-Hus-Stationen-Ll.-Sct.-Hans-Gade-7-200x86.jpg 200w, https:\/\/dffl.dk\/wp-content\/uploads\/2022\/01\/De-Frivilliges-Hus-Stationen-Ll.-Sct.-Hans-Gade-7-450x194.jpg 450w, https:\/\/dffl.dk\/wp-content\/uploads\/2022\/01\/De-Frivilliges-Hus-Stationen-Ll.-Sct.-Hans-Gade-7.jpg 600w\" sizes=\"auto, (max-width: 337px) 100vw, 337px\" \/><\/h3>\n<h3>&nbsp;<\/h3>\n<h3>&nbsp;<\/h3>\n<h3>&nbsp;<\/h3>\n<h3>&nbsp;<\/h3>\n<h3>De Frivilliges Hus &#8211; Stationen<br \/>\nLille Sct. Hans Gade 7, 8800 Viborg<\/h3>\n<h3><a href=\"https:\/\/dffl.dk\/?page_id=370\" target=\"_blank\" rel=\"noopener\">Klik her for tidsbestilling for personlig fremm\u00f8de . . .<\/a><\/h3>\n<p><strong><span style=\"color: #ff0000;\">Bem\u00e6rk<\/span>: <\/strong><em>Du beh\u00f8ver ikke at v\u00e6re medlem for at stille et indledende sp\u00f8rgsm\u00e5l eller komme forbi til et personligt m\u00f8de.<\/em><\/p>\n<p>De Forenede Frie Lejere &#8211; <strong>Cvr.:<\/strong> 42088374&nbsp;<br \/>\nTlf.: 25 537 512&nbsp; eller 28 930 720 &#8211; mail: <span style=\"color: #3366ff;\">info@dffl.dk&nbsp;<\/span><\/p>\n<p><img loading=\"lazy\" decoding=\"async\" class=\"alignnone size-full wp-image-624\" src=\"https:\/\/dffl.dk\/wp-content\/uploads\/2022\/06\/DFFL-LOGO-20-x-20-m.-hvid-skrift.jpg\" alt=\"\" width=\"198\" height=\"198\" srcset=\"https:\/\/dffl.dk\/wp-content\/uploads\/2022\/06\/DFFL-LOGO-20-x-20-m.-hvid-skrift.jpg 198w, https:\/\/dffl.dk\/wp-content\/uploads\/2022\/06\/DFFL-LOGO-20-x-20-m.-hvid-skrift-150x150.jpg 150w, https:\/\/dffl.dk\/wp-content\/uploads\/2022\/06\/DFFL-LOGO-20-x-20-m.-hvid-skrift-100x100.jpg 100w\" sizes=\"auto, (max-width: 198px) 100vw, 198px\" \/><\/p>\n<p><span style=\"color: #ff0000;\">Bem\u00e6rk<\/span>: Vi modtager ikke alm. brevpost, men alene post via e-mail og\/eller e-Boks!<\/p>\n","protected":false},"excerpt":{"rendered":"<p>Ret til en god bolig De Forenede Frie Lejere (DFFL) er en landsd\u00e6kkende lejerforening, der hj\u00e6lper dig, n\u00e5r du har problemer med din udlejer. De Forenede Frie Lejere (DFFL) er en selvst\u00e6ndig og uafh\u00e6ngig lejerforening, hvor du som lejer kan &hellip;<\/p>\n<p class=\"read-more\"> <a class=\"more-link\" href=\"https:\/\/dffl.dk\/?page_id=160\"> <span class=\"screen-reader-text\">Om os<\/span> Read More &raquo;<\/a><\/p>\n","protected":false},"author":3,"featured_media":0,"parent":0,"menu_order":0,"comment_status":"closed","ping_status":"closed","template":"","meta":{"_stc_notifier_status":"","_stc_notifier_sent_time":"","_stc_notifier_request":false,"_stc_notifier_prevent":false,"_stc_subscriber_keywords":"","_stc_subscriber_search_areas":"","om_disable_all_campaigns":false,"_monsterinsights_skip_tracking":false,"_monsterinsights_sitenote_active":false,"_monsterinsights_sitenote_note":"","_monsterinsights_sitenote_category":0,"ngg_post_thumbnail":0,"footnotes":""},"class_list":["post-160","page","type-page","status-publish","hentry"],"aioseo_notices":[],"_links":{"self":[{"href":"https:\/\/dffl.dk\/index.php?rest_route=\/wp\/v2\/pages\/160","targetHints":{"allow":["GET"]}}],"collection":[{"href":"https:\/\/dffl.dk\/index.php?rest_route=\/wp\/v2\/pages"}],"about":[{"href":"https:\/\/dffl.dk\/index.php?rest_route=\/wp\/v2\/types\/page"}],"author":[{"embeddable":true,"href":"https:\/\/dffl.dk\/index.php?rest_route=\/wp\/v2\/users\/3"}],"replies":[{"embeddable":true,"href":"https:\/\/dffl.dk\/index.php?rest_route=%2Fwp%2Fv2%2Fcomments&post=160"}],"version-history":[{"count":36,"href":"https:\/\/dffl.dk\/index.php?rest_route=\/wp\/v2\/pages\/160\/revisions"}],"predecessor-version":[{"id":1052,"href":"https:\/\/dffl.dk\/index.php?rest_route=\/wp\/v2\/pages\/160\/revisions\/1052"}],"wp:attachment":[{"href":"https:\/\/dffl.dk\/index.php?rest_route=%2Fwp%2Fv2%2Fmedia&parent=160"}],"curies":[{"name":"wp","href":"https:\/\/api.w.org\/{rel}","templated":true}]}}